ens digit of a?
1
Suppose -4*s - 532 = -1476. What is the hundreds digit of s?
2
Suppose -3*l = 2*y + 2, 4*y + 3 - 15 = -2*l. Suppose 9 + 11 = y*c. What is the units digit of c?
4
Suppose 0 = -2*x - x + 5*j + 212, 2*x - 139 = j. What is the tens digit of x?
6
Let u(k) = -k**3 + 13*k**2 - 9*k + 1. What is the tens digit of u(12)?
3
What is the units digit of 79/9 + 12/54?
9
Let f = 3 - -11. What is the units digit of f?
4
Let a(w) = w - 1. Let z = -11 - -21. What is the units digit of a(z)?
9
Suppose 0 = -4*a + 6*w - 5*w + 12, 3*a + 5*w + 14 = 0. Suppose -2*s + 5*s = -a*x + 14, -x + 5*s = -20. What is the tens digit of x?
1
Let z = -20 - -9. Let v = -2 - 5. Let w = v - z. What is the units digit of w?
4
Suppose 0*b + 71 = -s + b, -s - 3*b = 75. Let a = s - -129. What is the units digit of -7*(a/(-21) + 1)?
2
Let v be 1/(0 - (-3)/30). Let u = -16 + v. What is the units digit of ((-10)/(-3))/((-4)/u)?
5
Let f = -40 - -72. What is the units digit of f?
2
Let o(y) = 5*y**2 - 1. Let b be o(1). Suppose -6*v + 3*k = -2*v - 31, -20 = b*k. Suppose -56 = -5*n - a, n = -2*a - 0*a + v. What is the tens digit of n?
1
Let p = -19 + 46. What is the tens digit of p?
2
Let f be (5/(-15))/((-1)/(-6)). What is the units digit of (f - 5/(-2))*28?
4
Suppose -2*a + 68 = -b - 4*a, 4*a = 3*b + 184. What is the units digit of b/(-6)*(0 + 3)?
2
Let h(b) = b**3 + 6*b**2 + 5*b - 4. Let t(d) = d**2 - 6*d - 4. Let z be t(6). What is the units digit of h(z)?
8
Let d(m) = m**3 - 5 - 5*m**2 + 0 - 6*m + 0. Let b be d(6). Let g(r) = r**2 + 4*r + 4. What is the units digit of g(b)?
9
Suppose -20 - 16 = 2*u. Let o = -46 - u. Let n = -15 - o. What is the units digit of n?
3
Let b(l) = -4*l**3 + 3*l + 1. Let f be b(-2). Let h = -19 + f. What is the units digit of h?
8
Let q be (0/(-1))/(-3 + 1). Suppose q = 6*i - 3*i - 108. What is the tens digit of (i/10)/((-9)/(-30))?
1
Suppose 3*h + 2*h = -3*b + 173, -b + 5*h = -31. What is the tens digit of b?
5
Let r = -106 + 234. What is the hundreds digit of r?
1
Suppose 288 = -0*p + 4*p. What is the tens digit of p?
7
Suppose 4*k - 3 = 5. What is the tens digit of 15 - (-2 + k + -2)?
1
Let i = 6 + -5. What is the tens digit of i + -4 - 19/(-1)?
1
Suppose -2*x + 4*x = -6, 722 = 5*b - 4*x. What is the tens digit of b?
4
Let k = -221 - -362. What is the tens digit of k?
4
Suppose -l + 5*v = -14, -l + 2*l = -4*v - 4. Suppose d = 2*r + 13, 0*d + 5*d - l*r - 77 = 0. What is the units digit of d?
7
Let k(f) = -f**2 - 9*f - 5. Suppose 0 = 3*v - 4 - 11. Suppose -3*y + 4 = -n - 8, -10 = -v*y. What is the tens digit of k(n)?
1
Let f = 142 + -42. What is the units digit of f?
0
Let p = 4 + -2. Let i(g) = p + 0*g**2 + 0*g**3 - g**3 - g**2 - 5 - 3*g. What is the units digit of i(-2)?
7
Let z(g) = -g**2 + 16*g + 11. What is the tens digit of z(12)?
5
Let b(l) = -l**3 + 11*l**2 - 9*l + 14. Let o be b(10). What is the units digit of 5*(-6)/(-45)*o?
6
Let o(a) = -a**2 - 5*a + 6. Let f be o(-5). Suppose f*r - 2*v = 3*r + 55, 5*r - 80 = v. What is the units digit of r?
5
Let z(i) = -i**2 + 2*i + 3. Let t be z(3). What is the tens digit of t + 0 + 22 + -1?
2
Suppose 5*z = -y + 4 + 9, -3*z = -2*y - 13. Let m be (-7)/((-6 + z)/(-12)). Let f = m - -45. What is the units digit of f?
7
Let g be (-12)/2 - (8 - 9). Suppose 0 = -10*u + 5*u - 85. Let v = g - u. What is the units digit of v?
2
Suppose -4*v + 9 = -n - v, 4*n + 4 = 4*v. What is the units digit of n?
3
Suppose 21 = i - w, 0*w = 2*i + 2*w - 54. What is the tens digit of i?
2
What is the units digit of ((-14)/4)/((-17)/136)?
8
Let d = -3 - -4. Let r be d/(3/(-6))*1. Let c = r + 6. What is the units digit of c?
4
Let v = 15 - 12. What is the tens digit of v/(-2)*168/(-9)?
2
Suppose 13 = 2*d - 5*l, l + 56 + 11 = 5*d. Let a be 4/d - 18/14. What is the units digit of 1 + a/(-1) - -4?
6
Let t(n) = 10*n + 1. Let x be t(1). Let s = -6 + x. Suppose -c = -s*c + 32. What is the units digit of c?
8
Let l be -1*(-18)/21*-7. Let y be 23/2 + (-3)/l. Suppose -h + 15 = 4*d, 2*d + y = h + 5*d. What is the units digit of h?
3
Let v = 139 - 79. What is the tens digit of v?
6
Let j(c) = -2 + 2 - 4 - 4*c + 1. Suppose l - 7 = 3*k, -2*k - 2*l = 2*l + 28. What is the units digit of j(k)?
3
Let a = 178 + -97. What is the units digit of a?
1
Let x(p) = 3*p**2 + 2*p - 1. Let z(g) = -g**2 + g - 1. Suppose 0 = 4*v - 0*j + 5*j - 28, -4*v - 12 = -5*j. Let c be z(v). What is the tens digit of x(c)?
2
Suppose -2*b + 38 = -10. Let u = 9 - 6. Suppose -u*c = -5*c + b. What is the tens digit of c?
1
Suppose g - n + 0*n = -4, -5*g - 25 = -4*n. Let l = g - -14. Suppose 3*u + 5*d - 16 = 14, -l*d = 2*u - 25. What is the units digit of u?
5
Let j = -2 - -4. What is the units digit of 1*(j + 11)/1?
3
Let m(f) = -4*f**2 - 14*f + 7. Let t(p) = -3*p**2 - 9*p + 5. Let j(c) = -5*m(c) + 7*t(c). What is the units digit of j(5)?
0
Let s(l) = -l**3 + 7*l**2 - 6*l + 2. Let d be s(6). Suppose 4 = -p - n, -4*p - 3*n - d = 16. Let m(o) = o + 13. What is the units digit of m(p)?
7
Suppose -3*x - 233 = -5*w - 6*x, -2*x + 140 = 3*w. What is the tens digit of w?
4
What is the tens digit of (-29)/(-3) + (-10)/(-30)?
1
Suppose -1 = 2*r + v - 3, 5 = 5*r + 5*v. Let h be 1 - r - (-8)/2. Suppose -18 = -3*a + 3*b, 2*a - h*a - 4*b + 12 = 0. What is the units digit of a?
6
What is the units digit of (-33)/(-6)*(0 - -24)?
2
Let o(y) = -y**2 + 9*y - 9. Let q(d) = d**3 + 4*d**2 + d. Let a be q(-3). What is the units digit of o(a)?
9
Suppose 682 = 7*m - 284. What is the units digit of m?
8
Suppose 10 = 5*f, -2*f = 4*r + r - 209. Let y = r - 8. What is the tens digit of y?
3
Let n be (-2)/6*-3 + 2. Suppose -5*i - n*u + 38 = 0, 10 + 8 = 3*i - 3*u. Suppose -4 = -c - 5*g + i, 2*c = -3*g + 8. What is the units digit of c?
1
Let j(o) = 90*o + 2. What is the units digit of j(1)?
2
Let k(s) = -s**3 - s - 1. Let u(x) = 2*x**3 + 6*x**2 + 6*x + 8. Let b(i) = -3*k(i) - u(i). Let r be b(6). Let n = 37 + r. What is the tens digit of n?
1
Let x be (-12)/66 - 224/(-22). Suppose -4*t - 24 = -3*r + r, -r + 4*t = -x. What is the tens digit of r?
1
Suppose -2*q = -5*q - 18. What is the units digit of q/3*-2*1?
4
Suppose x + 3 = 8. Suppose -n + x + 24 = 0. What is the units digit of n?
9
Suppose 5*l = 615 + 685. What is the units digit of (l/50)/(2/5)?
3
Let s(b) = 2*b**2 + 6*b - 6. What is the units digit of s(-7)?
0
Let q(j) = -4*j - 7. What is the tens digit of q(-5)?
1
Let l(q) = -q + 11. Let y be l(6). Suppose y*w + 0 = -10. What is the units digit of (-2)/(-1 - (w - -2))?
2
Let b(w) = w**3 + 4*w**2 - 6*w. Let c be b(-5). Suppose c*g = -5*s - 15, -5*s + 35 = -0*g - 5*g. Let u = 5 - s. What is the units digit of u?
3
Let h = 212 + -139. What is the tens digit of h?
7
Suppose 0 = -4*t - t + 130. What is the units digit of t?
6
Suppose 2*k + 4*v - 55 = v, 0 = -2*k + 5*v + 63. What is the tens digit of k?
2
Let j be (0 + 0 + 2)/1. Suppose -i = -5*s + 62, -j*i = s - 5 - 3. What is the units digit of s?
2
What is the tens digit of 35 - (2/7)/((-5)/(-35))?
3
Suppose -3*j + 278 - 80 = 0. What is the tens digit of j?
6
Suppose 2*i - 6 = -5*b, -3*b - 6 + 2 = 5*i. What is the units digit of b?
2
Suppose 15*q = 2667 + 1098. What is the tens digit of q?
5
Let j = -3 - 14. Let h = -16 - j. What is the units digit of h?
1
Suppose v - 5*r - 215 = 0, -607 = 4*v - 7*v - 4*r. What is the units digit of v?
5
Suppose -8 = -3*a - a - w, 4*a - 2*w + 4 = 0. What is the units digit of (-2 - 6/(-2))/a?
1
Suppose 2*w + 8 = 3*w. Let y(j) = 1 + w*j - 3 - j**2 - 4. What is the units digit of y(7)?
1
Let l = 37 - 25. Suppose l*a - 40 = 8*a. What is the units digit of a?
0
Suppose 0 = -4*h - 5*x + 180, -3*x + 13 + 79 = 2*h. Let y = -6 - -74. Suppose -2*s + h = 4*t, s - 2*t + y = 5*s. What is the tens digit of s?
1
What is the tens digit of (40/28)/5 - 201/(-7)?
2
Let x(z) = -4*z. Let j be x(3). Let k be (40/6)/(-1)*j. Suppose -h = -5*h + k. What is the units digit of h?
0
Suppose -4 = 4*t, 14 = -2*v + 5*t - 17. Suppose 13 - 3 = -2*d. Let r = d - v. What is the tens digit of r?
1
Suppose 9*j - 356 = 7*j. What is the units digit of j?
8
What is the tens digit of (-6)/(-9) - (-43)/3?
1
Suppose 0 = 2*m + m - 105. What is the tens digit of m?
3
Suppose 0 = 4*p - 4 - 0. Let q be 17 + (p - 0)*-1. Suppose -q = -3*y - r, -2*y = -4*y